{"id":10,"date":"2015-12-10T10:02:49","date_gmt":"2015-12-10T10:02:49","guid":{"rendered":"http:\/\/mudrdudova.cz\/?page_id=10"},"modified":"2026-01-13T15:16:33","modified_gmt":"2026-01-13T15:16:33","slug":"kontakty","status":"publish","type":"page","link":"https:\/\/mudrdudova.cz\/?page_id=10","title":{"rendered":"Kontakty"},"content":{"rendered":"\n<p><strong>Adresa : <\/strong>M\u011bstsk\u00e1 poliklinika Praha, 5. patro, Sp\u00e1len\u00e178\/12, Praha 1<\/p>\n\n\n\n<p><strong>Telefon <\/strong>: <span style=\"color: #1e1e1e; font-family: Menlo, Consolas, monaco, monospace; font-size: 15px; white-space-collapse: preserve;\"> +420 211155380<\/span><\/p>\n\n\n\n<p><strong>Email :&nbsp;<\/strong>info@mudrdudova.cz<\/p>\n\n\n\n<p><strong>I\u010c :&nbsp;<\/strong>03485447<\/p>\n\n\n\n<p><iframe loading=\"lazy\" style=\"border:none\" src=\"https:\/\/frame.mapy.cz\/s\/hohuganuse\" width=\"700\" height=\"466\" frameborder=\"0\"><\/iframe><\/p>\n","protected":false},"excerpt":{"rendered":"<p>Adresa : M\u011bstsk\u00e1 poliklinika Praha, 5. patro, Sp\u00e1len\u00e178\/12, Praha 1 Telefon : +420 211155380 Email :&nbsp;info@mudrdudova.cz I\u010c :&nbsp;03485447<\/p>\n","protected":false},"author":1,"featured_media":0,"parent":2,"menu_order":0,"comment_status":"closed","ping_status":"closed","template":"page-cs.php","meta":{"footnotes":""},"class_list":["post-10","page","type-page","status-publish","hentry"],"_links":{"self":[{"href":"https:\/\/mudrdudova.cz\/index.php?rest_route=\/wp\/v2\/pages\/10","targetHints":{"allow":["GET"]}}],"collection":[{"href":"https:\/\/mudrdudova.cz\/index.php?rest_route=\/wp\/v2\/pages"}],"about":[{"href":"https:\/\/mudrdudova.cz\/index.php?rest_route=\/wp\/v2\/types\/page"}],"author":[{"embeddable":true,"href":"https:\/\/mudrdudova.cz\/index.php?rest_route=\/wp\/v2\/users\/1"}],"replies":[{"embeddable":true,"href":"https:\/\/mudrdudova.cz\/index.php?rest_route=%2Fwp%2Fv2%2Fcomments&post=10"}],"version-history":[{"count":12,"href":"https:\/\/mudrdudova.cz\/index.php?rest_route=\/wp\/v2\/pages\/10\/revisions"}],"predecessor-version":[{"id":389,"href":"https:\/\/mudrdudova.cz\/index.php?rest_route=\/wp\/v2\/pages\/10\/revisions\/389"}],"up":[{"embeddable":true,"href":"https:\/\/mudrdudova.cz\/index.php?rest_route=\/wp\/v2\/pages\/2"}],"wp:attachment":[{"href":"https:\/\/mudrdudova.cz\/index.php?rest_route=%2Fwp%2Fv2%2Fmedia&parent=10"}],"curies":[{"name":"wp","href":"https:\/\/api.w.org\/{rel}","templated":true}]}}